alculate the highest common divisor of 14600 and 11800.
200
What is the greatest common factor of 2951 and 2821?
13
Calculate the greatest common factor of 334 and 27889.
167
What is the greatest common factor of 6707120 and 196?
196
Calculate the highest common divisor of 2811070 and 94.
94
What is the highest common divisor of 6 and 3786?
6
Calculate the highest common factor of 10535 and 245.
245
Calculate the greatest common divisor of 366340 and 780.
260
Calculate the highest common factor of 2744 and 488089.
343
What is the highest common divisor of 510 and 102210?
30
Calculate the greatest common factor of 54591 and 11811.
93
What is the greatest common divisor of 897002 and 4338?
482
Calculate the greatest common divisor of 22578 and 2226.
318
Calculate the greatest common factor of 25 and 4385.
5
Calculate the highest common divisor of 16 and 174544.
16
Calculate the greatest common factor of 34 and 233903.
17
What is the highest common factor of 1395 and 195?
15
What is the greatest common factor of 6357 and 208?
13
Calculate the highest common factor of 139 and 20733796.
139
Calculate the greatest common factor of 963 and 4563.
9
What is the greatest common factor of 35325 and 2512?
157
Calculate the highest common divisor of 24 and 72732.
12
What is the highest common divisor of 3913 and 6461?
91
Calculate the greatest common factor of 2901514 and 1743.
581
Calculate the highest common divisor of 569 and 579811.
569
Calculate the highest common divisor of 859 and 13.
1
What is the highest common divisor of 1113 and 41817?
159
Calculate the greatest common factor of 211290 and 645.
15
Calculate the highest common divisor of 31 and 339667.
31
Calculate the highest common factor of 3095885 and 13.
13
What is the greatest common divisor of 506 and 32362?
22
Calculate the highest common divisor of 37128 and 21112.
728
What is the greatest common divisor of 99 and 61798?
11
Calculate the highest common divisor of 48556 and 3781.
199
What is the highest common divisor of 104902 and 826?
826
What is the highest common factor of 44 and 191686?
22
What is the highest common divisor of 189868 and 476?
28
Calculate the greatest common factor of 1995812 and 26.
26
What is the greatest common divisor of 13 and 8013681?
13
What is the highest common factor of 1716 and 8284848?
1716
Calculate the highest common factor of 992 and 2.
2
What is the greatest common divisor of 3840 and 3645?
15
Calculate the greatest common divisor of 12 and 1895964.
12
What is the greatest common divisor of 198 and 17402?
22
What is the highest common divisor of 28 and 2457?
7
Calculate the greatest common factor of 695 and 255899.
139
What is the greatest common divisor of 161 and 15893?
23
What is the greatest common divisor of 410 and 20890?
10
Calculate the highest common divisor of 1638 and 112644.
126
What is the greatest common divisor of 9229 and 44?
11
What is the highest common factor of 12093 and 2363?
139
Calculate the highest common factor of 19520 and 244610.
610
Calculate the highest common factor of 22 and 454586.
22
What is the greatest common divisor of 1320 and 33480?
120
Calculate the greatest common divisor of 112 and 230456.
8
Calculate the greatest common factor of 598 and 10350.
46
Calculate the greatest common factor of 4350 and 2262.
174
What is the greatest common divisor of 1571841 and 9?
9
What is the highest common divisor of 1045 and 193985?
55
What is the greatest common divisor of 150642 and 90?
18
Calculate the highest common factor of 84 and 76468.
28
Calculate the highest common divisor of 199782 and 1650.
66
What is the highest common factor of 435 and 89755?
145
What is the highest common factor of 203697 and 819?
117
What is the highest common divisor of 907596 and 918?
306
Calculate the greatest common divisor of 10693 and 8959.
289
What is the highest common factor of 49441 and 343?
49
Calculate the highest common divisor of 52126 and 1206.
134
What is the greatest common divisor of 61 and 701683?
61
Calculate the greatest common factor of 2122 and 18.
2
Calculate the greatest common divisor of 36 and 85680.
36
What is the greatest common factor of 2659783 and 854?
427
What is the greatest common divisor of 1299 and 3?
3
What is the highest common divisor of 102 and 546278?
34
Calculate the highest common divisor of 2712 and 219785.
113
What is the greatest common factor of 64 and 3574?
2
What is the greatest common factor of 516 and 9324292?
172
Calculate the highest common divisor of 36 and 1871676.
36
Calculate the highest common factor of 231 and 3743223.
33
Calculate the highest common divisor of 3100 and 930.
310
Calculate the highest common factor of 5038 and 2266.
22
Calculate the greatest common factor of 1252339 and 5049.
187
Calculate the greatest common divisor of 920 and 91241.
23
Calculate the greatest common factor of 336848 and 111.
37
Calculate the highest common factor of 360 and 16165980.
180
What is the highest common divisor of 110 and 338690?
110
Calculate the highest common divisor of 897 and 42228.
69
What is the highest common divisor of 99 and 871893?
99
What is the greatest common factor of 190 and 289446?
38
What is the highest common divisor of 10094 and 602?
14
Calculate the highest common divisor of 65334 and 18.
6
Calculate the highest common factor of 240 and 46320.
240
What is the greatest common divisor of 38 and 414?
2
What is the greatest common divisor of 32373 and 13200?
33
Calculate the highest common divisor of 856 and 510604.
428
Calculate the highest common divisor of 330 and 67620.
30
What is the greatest common factor of 142079 and 28?
7
What is the greatest common divisor of 9984975 and 63?
21
What is the greatest common factor of 115 and 244099?
23
Calculate the greatest common factor of 1232 and 11984.
112
What is the greatest common factor of 18684 and 15684?
12
Calculate the highest common factor of 41510 and 350.
70
What is the greatest common divisor of 178398 and 52173?
1683
What is the greatest common divisor of 49140 and 12?
12
What is the highest common factor of 2328 and 215049?
291
What is the greatest common factor of 766032 and 48?
48
What is the highest common divisor of 195 and 55055?
65
Calculate the highest common divisor of 1882 and 16.
2
Calculate the greatest common factor of 4734 and 2461154.
526
Calculate the highest common divisor of 1027232 and 188.
188
Calculate the highest common factor of 4090208 and 32.
32
What is the highest common factor of 11624 and 5?
1
What is the highest common divisor of 3619 and 440?
11
Calculate the highest common factor of 83 and 150562.
83
What is the greatest common factor of 10230 and 9174?
66
What is the greatest common factor of 177 and 5937819?
177
What is the greatest common divisor of 2 and 564854?
2
What is the greatest common factor of 3186 and 7670?
118
What is the highest common divisor of 1535180 and 177?
59
What is the highest common factor of 1618988 and 268?
268
Calculate the highest common divisor of 209268 and 36.
36
Calculate the highest common divisor of 10391 and 11.
1
What is the highest common factor of 2349651 and 803?
73
Calculate the greatest common factor of 91483 and 49.
49
What is the greatest common factor of 628476 and 7636?
332
What is the highest common factor of 12618 and 12?
6
What is the greatest common divisor of 4113 and 369?
9
What is the highest common divisor of 2974 and 86?
2
Calculate the highest common factor of 17429 and 1363.
29
Calculate the highest common factor of 4012 and 2720.
68
What is the greatest common divisor of 69 and 2229?
3
Calculate the greatest common divisor of 94 and 964816.
94
Calculate the greatest common divisor of 103356 and 10324.
116
What is the highest common divisor of 567 and 52416?
63
What is the greatest common factor of 22 and 2575133?
11
What is the highest common divisor of 726 and 8426?
22
What is the highest common factor of 18 and 66915?
9
What is the greatest common factor of 22 and 931590?
22
Calculate the greatest common divisor of 209 and 50426.
19
Calculate the highest common factor of 279 and 4666275.
279
Calculate the greatest common divisor of 102 and 678606.
102
What is the greatest common factor of 200 and 53450?
50
What is the great